{"id":214688,"date":"2025-06-17T08:10:39","date_gmt":"2025-06-17T08:10:39","guid":{"rendered":"https:\/\/astti.ch\/?post_type=product&#038;p=214688"},"modified":"2025-06-17T08:43:25","modified_gmt":"2025-06-17T08:43:25","slug":"naechsten-treffen-der-regionalgruppe-zuerich","status":"publish","type":"product","link":"https:\/\/astti.ch\/de\/produit\/naechsten-treffen-der-regionalgruppe-zuerich\/","title":{"rendered":"N\u00e4chsten Treffen der Regionalgruppe Z\u00fcrich"},"content":{"rendered":"","protected":false},"excerpt":{"rendered":"<p>Ap\u00e9ro (vom ASTTI offeriert) und optionales anschliessendes Nachtessen (auf eigene Rechnung).<\/p>\n","protected":false},"featured_media":214689,"template":"","meta":{"inline_featured_image":false},"product_brand":[],"product_cat":[17],"product_tag":[],"class_list":{"0":"post-214688","1":"product","2":"type-product","3":"status-publish","4":"has-post-thumbnail","6":"product_cat-non-classe","8":"first","9":"instock","10":"shipping-taxable","11":"purchasable","12":"product-type-simple"},"acf":[],"_links":{"self":[{"href":"https:\/\/astti.ch\/de\/wp-json\/wp\/v2\/product\/214688","targetHints":{"allow":["GET"]}}],"collection":[{"href":"https:\/\/astti.ch\/de\/wp-json\/wp\/v2\/product"}],"about":[{"href":"https:\/\/astti.ch\/de\/wp-json\/wp\/v2\/types\/product"}],"wp:featuredmedia":[{"embeddable":true,"href":"https:\/\/astti.ch\/de\/wp-json\/wp\/v2\/media\/214689"}],"wp:attachment":[{"href":"https:\/\/astti.ch\/de\/wp-json\/wp\/v2\/media?parent=214688"}],"wp:term":[{"taxonomy":"product_brand","embeddable":true,"href":"https:\/\/astti.ch\/de\/wp-json\/wp\/v2\/product_brand?post=214688"},{"taxonomy":"product_cat","embeddable":true,"href":"https:\/\/astti.ch\/de\/wp-json\/wp\/v2\/product_cat?post=214688"},{"taxonomy":"product_tag","embeddable":true,"href":"https:\/\/astti.ch\/de\/wp-json\/wp\/v2\/product_tag?post=214688"}],"curies":[{"name":"wp","href":"https:\/\/api.w.org\/{rel}","templated":true}]}}

Nächsten Treffen der Regionalgruppe Zürich

<p>Apéro (vom ASTTI offeriert) und optionales anschliessendes Nachtessen (auf eigene Rechnung).</p>
