{"id":219550,"date":"2026-03-25T08:42:26","date_gmt":"2026-03-25T08:42:26","guid":{"rendered":"https:\/\/astti.ch\/?post_type=product&#038;p=219550"},"modified":"2026-04-27T12:37:51","modified_gmt":"2026-04-27T12:37:51","slug":"anmeldung-generalversammlung-2026","status":"publish","type":"product","link":"https:\/\/astti.ch\/de\/produit\/anmeldung-generalversammlung-2026\/","title":{"rendered":"Anmeldung Generalversammlung 2026"},"content":{"rendered":"<h2><strong>Anmeldefrist ist der 17.04.2026.<br \/>\nSp\u00e4tere Anmeldungen sind leider nicht mehr m\u00f6glich.<\/strong><\/h2>\n<h2><strong>Men\u00fcs zur Auswahl &#8211; Restaurant L&#8217;Aigle Noir Fribourg<\/strong><\/h2>\n<table width=\"604\">\n<tbody>\n<tr>\n<td style=\"text-align: left;\" width=\"604\">\n<h2><strong>MEN\u00dc 1 CHF 60.\u2013 \/ Person<\/strong><\/h2>\n<\/td>\n<\/tr>\n<tr>\n<td style=\"text-align: left;\" width=\"604\">Suppe aus Fr\u00fchkarotten,<br \/>\nSchnittlauch und Kreuzk\u00fcmmel,<br \/>\nZitronen\u00f6l<br \/>\n***<br \/>\n14 Stunden konfiertes Kalbsgeschnetzeltes<br \/>\nGr\u00fcne Pfeffersauce<br \/>\nRisotto, aromatisiert mit ger\u00e4uchertem Paprika<br \/>\nGem\u00fcsebouquet<br \/>\n***<br \/>\nSalat von frischen Fr\u00fcchten mit Basilikum<br \/>\nZitronensorbet<\/td>\n<\/tr>\n<tr>\n<td width=\"604\">\n<h2 style=\"text-align: left;\"><strong>MEN\u00dc 2 CHF 60.- \/ Person<\/strong><\/h2>\n<\/td>\n<\/tr>\n<tr>\n<td width=\"604\">\n<p style=\"text-align: left;\">Suppe aus Fr\u00fchkarotten,<br \/>\nSchnittlauch und Kreuzk\u00fcmmel,<br \/>\nZitronen\u00f6l<br \/>\n***<br \/>\nReistagliatelle mit Haseln\u00fcssen<br \/>\nEmulsion von violettem Curry<br \/>\nKurzgebratene Enoki an Sesam\u00f6l<br \/>\nGlasierter Pak Choi<br \/>\nIm Ofen geschmorter Chinakohl<br \/>\n***<br \/>\nSalat von frischen Fr\u00fcchten mit Basilikum<br \/>\nZitronensorbe<\/p>\n<\/td>\n<\/tr>\n<\/tbody>\n<\/table>\n<p>&nbsp;<\/p>\n","protected":false},"excerpt":{"rendered":"<p>Anmeldefrist ist der 17.04.2026. Sp\u00e4tere Anmeldungen sind leider nicht mehr m\u00f6glich. Men\u00fcs zur Auswahl &#8211; Restaurant L&#8217;Aigle Noir Fribourg MEN\u00dc 1 CHF 60.\u2013 \/ Person Suppe aus Fr\u00fchkarotten, Schnittlauch und Kreuzk\u00fcmmel, Zitronen\u00f6l *** 14 Stunden konfiertes Kalbsgeschnetzeltes Gr\u00fcne Pfeffersauce Risotto, aromatisiert mit ger\u00e4uchertem Paprika Gem\u00fcsebouquet *** Salat von frischen Fr\u00fcchten mit Basilikum Zitronensorbet MEN\u00dc 2 [&hellip;]<\/p>\n","protected":false},"featured_media":219616,"template":"","meta":{"inline_featured_image":false},"product_brand":[],"product_cat":[333],"product_tag":[],"class_list":{"0":"post-219550","1":"product","2":"type-product","3":"status-publish","4":"has-post-thumbnail","6":"product_cat-non-classe-de","8":"first","9":"instock","10":"shipping-taxable","11":"product-type-variable"},"acf":[],"_links":{"self":[{"href":"https:\/\/astti.ch\/de\/wp-json\/wp\/v2\/product\/219550","targetHints":{"allow":["GET"]}}],"collection":[{"href":"https:\/\/astti.ch\/de\/wp-json\/wp\/v2\/product"}],"about":[{"href":"https:\/\/astti.ch\/de\/wp-json\/wp\/v2\/types\/product"}],"wp:featuredmedia":[{"embeddable":true,"href":"https:\/\/astti.ch\/de\/wp-json\/wp\/v2\/media\/219616"}],"wp:attachment":[{"href":"https:\/\/astti.ch\/de\/wp-json\/wp\/v2\/media?parent=219550"}],"wp:term":[{"taxonomy":"product_brand","embeddable":true,"href":"https:\/\/astti.ch\/de\/wp-json\/wp\/v2\/product_brand?post=219550"},{"taxonomy":"product_cat","embeddable":true,"href":"https:\/\/astti.ch\/de\/wp-json\/wp\/v2\/product_cat?post=219550"},{"taxonomy":"product_tag","embeddable":true,"href":"https:\/\/astti.ch\/de\/wp-json\/wp\/v2\/product_tag?post=219550"}],"curies":[{"name":"wp","href":"https:\/\/api.w.org\/{rel}","templated":true}]}}

<h2><strong>Anmeldefrist ist der 17.04.2026.<br />
Spätere Anmeldungen sind leider nicht mehr möglich.</strong></h2>
<h2><strong>Menüs zur Auswahl &#8211; Restaurant L&#8217;Aigle Noir Fribourg</strong></h2>
<table width="604">
<tbody>
<tr>
<td style="text-align: left;" width="604">
<h2><strong>MENÜ 1 CHF 60.– / Person</strong></h2>
</td>
</tr>
<tr>
<td style="text-align: left;" width="604">Suppe aus Frühkarotten,<br />
Schnittlauch und Kreuzkümmel,<br />
Zitronenöl<br />
***<br />
14 Stunden konfiertes Kalbsgeschnetzeltes<br />
Grüne Pfeffersauce<br />
Risotto, aromatisiert mit geräuchertem Paprika<br />
Gemüsebouquet<br />
***<br />
Salat von frischen Früchten mit Basilikum<br />
Zitronensorbet</td>
</tr>
<tr>
<td width="604">
<h2 style="text-align: left;"><strong>MENÜ 2 CHF 60.- / Person</strong></h2>
</td>
</tr>
<tr>
<td width="604">
<p style="text-align: left;">Suppe aus Frühkarotten,<br />
Schnittlauch und Kreuzkümmel,<br />
Zitronenöl<br />
***<br />
Reistagliatelle mit Haselnüssen<br />
Emulsion von violettem Curry<br />
Kurzgebratene Enoki an Sesamöl<br />
Glasierter Pak Choi<br />
Im Ofen geschmorter Chinakohl<br />
***<br />
Salat von frischen Früchten mit Basilikum<br />
Zitronensorbe</p>
</td>
</tr>
</tbody>
</table>
<p>&nbsp;</p>

<p>Anmeldefrist ist der 17.04.2026. Spätere Anmeldungen sind leider nicht mehr möglich. Menüs zur Auswahl &#8211; Restaurant L&#8217;Aigle Noir Fribourg MENÜ 1 CHF 60.– / Person Suppe aus Frühkarotten, Schnittlauch und Kreuzkümmel, Zitronenöl *** 14 Stunden konfiertes Kalbsgeschnetzeltes Grüne Pfeffersauce Risotto, aromatisiert mit geräuchertem Paprika Gemüsebouquet *** Salat von frischen Früchten mit Basilikum Zitronensorbet MENÜ 2 [&hellip;]</p>
