{"id":219559,"date":"2026-03-25T08:42:26","date_gmt":"2026-03-25T08:42:26","guid":{"rendered":"https:\/\/astti.ch\/?post_type=product&#038;p=219559"},"modified":"2026-04-07T08:43:25","modified_gmt":"2026-04-07T08:43:25","slug":"inscription-assemblee-generale-2026","status":"publish","type":"product","link":"https:\/\/astti.ch\/en\/produit\/inscription-assemblee-generale-2026\/","title":{"rendered":"Inscription assembl\u00e9e g\u00e9n\u00e9rale 2026"},"content":{"rendered":"\n","protected":false},"excerpt":{"rendered":"","protected":false},"featured_media":219618,"template":"","meta":{"inline_featured_image":false},"product_brand":[],"product_cat":[17],"product_tag":[],"class_list":{"0":"post-219559","1":"product","2":"type-product","3":"status-publish","4":"has-post-thumbnail","6":"product_cat-non-classe","8":"first","9":"instock","10":"shipping-taxable","11":"purchasable","12":"product-type-variable"},"acf":[],"_links":{"self":[{"href":"https:\/\/astti.ch\/en\/wp-json\/wp\/v2\/product\/219559","targetHints":{"allow":["GET"]}}],"collection":[{"href":"https:\/\/astti.ch\/en\/wp-json\/wp\/v2\/product"}],"about":[{"href":"https:\/\/astti.ch\/en\/wp-json\/wp\/v2\/types\/product"}],"wp:featuredmedia":[{"embeddable":true,"href":"https:\/\/astti.ch\/en\/wp-json\/wp\/v2\/media\/219618"}],"wp:attachment":[{"href":"https:\/\/astti.ch\/en\/wp-json\/wp\/v2\/media?parent=219559"}],"wp:term":[{"taxonomy":"product_brand","embeddable":true,"href":"https:\/\/astti.ch\/en\/wp-json\/wp\/v2\/product_brand?post=219559"},{"taxonomy":"product_cat","embeddable":true,"href":"https:\/\/astti.ch\/en\/wp-json\/wp\/v2\/product_cat?post=219559"},{"taxonomy":"product_tag","embeddable":true,"href":"https:\/\/astti.ch\/en\/wp-json\/wp\/v2\/product_tag?post=219559"}],"curies":[{"name":"wp","href":"https:\/\/api.w.org\/{rel}","templated":true}]}}

Inscription assemblée générale 2026
